nder when 55 is divided by 42?
13
What is the remainder when 67 is divided by 4?
3
What is the remainder when 203 is divided by 71?
61
What is the remainder when 152 is divided by 17?
16
What is the remainder when 4320 is divided by 62?
42
What is the remainder when 1578 is divided by 51?
48
Calculate the remainder when 439 is divided by 74.
69
Calculate the remainder when 2805 is divided by 104.
101
What is the remainder when 2962 is divided by 50?
12
Calculate the remainder when 1969 is divided by 45.
34
Calculate the remainder when 1317 is divided by 44.
41
What is the remainder when 296 is divided by 245?
51
Calculate the remainder when 1259 is divided by 252.
251
What is the remainder when 184 is divided by 24?
16
What is the remainder when 1666 is divided by 551?
13
Calculate the remainder when 949 is divided by 19.
18
What is the remainder when 437 is divided by 55?
52
What is the remainder when 407 is divided by 40?
7
Calculate the remainder when 1469 is divided by 38.
25
Calculate the remainder when 9179 is divided by 28.
23
Calculate the remainder when 53 is divided by 6.
5
Calculate the remainder when 134 is divided by 15.
14
What is the remainder when 89 is divided by 31?
27
Calculate the remainder when 275 is divided by 20.
15
Calculate the remainder when 216 is divided by 26.
8
What is the remainder when 475 is divided by 238?
237
What is the remainder when 193 is divided by 83?
27
What is the remainder when 9674 is divided by 13?
2
Calculate the remainder when 436 is divided by 116.
88
What is the remainder when 3023 is divided by 27?
26
Calculate the remainder when 782 is divided by 82.
44
Calculate the remainder when 2534 is divided by 31.
23
Calculate the remainder when 1681 is divided by 334.
11
What is the remainder when 4943 is divided by 43?
41
Calculate the remainder when 2753 is divided by 89.
83
What is the remainder when 1237 is divided by 271?
153
Calculate the remainder when 31 is divided by 28.
3
Calculate the remainder when 189 is divided by 48.
45
Calculate the remainder when 52 is divided by 5.
2
What is the remainder when 2682 is divided by 48?
42
What is the remainder when 969 is divided by 46?
3
What is the remainder when 1726 is divided by 97?
77
What is the remainder when 74 is divided by 21?
11
What is the remainder when 57 is divided by 25?
7
Calculate the remainder when 670 is divided by 16.
14
What is the remainder when 270 is divided by 21?
18
Calculate the remainder when 1350 is divided by 104.
102
Calculate the remainder when 40 is divided by 27.
13
Calculate the remainder when 114 is divided by 58.
56
What is the remainder when 229 is divided by 33?
31
What is the remainder when 2987 is divided by 115?
112
Calculate the remainder when 124 is divided by 34.
22
Calculate the remainder when 685 is divided by 13.
9
What is the remainder when 522 is divided by 192?
138
Calculate the remainder when 2303 is divided by 64.
63
Calculate the remainder when 2363 is divided by 37.
32
What is the remainder when 724 is divided by 29?
28
Calculate the remainder when 1231 is divided by 4.
3
Calculate the remainder when 13 is divided by 8.
5
Calculate the remainder when 12383 is divided by 17.
7
Calculate the remainder when 61 is divided by 24.
13
Calculate the remainder when 35 is divided by 20.
15
Calculate the remainder when 188 is divided by 31.
2
Calculate the remainder when 177 is divided by 26.
21
What is the remainder when 416 is divided by 44?
20
What is the remainder when 1196 is divided by 9?
8
Calculate the remainder when 462 is divided by 78.
72
Calculate the remainder when 794 is divided by 179.
78
Calculate the remainder when 101 is divided by 100.
1
Calculate the remainder when 2349 is divided by 28.
25
What is the remainder when 73 is divided by 63?
10
Calculate the remainder when 2070 is divided by 293.
19
What is the remainder when 76 is divided by 53?
23
What is the remainder when 102 is divided by 33?
3
Calculate the remainder when 1929 is divided by 46.
43
What is the remainder when 221 is divided by 15?
11
What is the remainder when 151 is divided by 31?
27
What is the remainder when 850 is divided by 37?
36
Calculate the remainder when 829 is divided by 94.
77
Calculate the remainder when 76 is divided by 71.
5
What is the remainder when 447 is divided by 50?
47
What is the remainder when 118 is divided by 33?
19
What is the remainder when 18066 is divided by 29?
28
What is the remainder when 9548 is divided by 162?
152
Calculate the remainder when 660 is divided by 655.
5
Calculate the remainder when 224 is divided by 199.
25
Calculate the remainder when 2989 is divided by 36.
1
What is the remainder when 239 is divided by 15?
14
What is the remainder when 112 is divided by 34?
10
Calculate the remainder when 216 is divided by 38.
26
What is the remainder when 2864 is divided by 67?
50
What is the remainder when 175 is divided by 34?
5
Calculate the remainder when 60 is divided by 33.
27
Calculate the remainder when 245 is divided by 223.
22
What is the remainder when 5041 is divided by 41?
39
What is the remainder when 3820 is divided by 1264?
28
Calculate the remainder when 275 is divided by 28.
23
Calculate the remainder when 60 is divided by 53.
7
What is the remainder when 6529 is divided by 2173?
10
Calculate the remainder when 1452 is divided by 85.
7
Calculate the remainder when 289 is divided by 30.
19
What is the remainder when 536 is divided by 178?
2
Calculate the remainder when 1297 is divided by 23.
9
Calculate the remainder when 44 is divided by 23.
21
What is the remainder when 8726 is divided by 4?
2
What is the remainder when 940 is divided by 56?
44
What is the remainder when 601 is divided by 191?
28
Calculate the remainder when 132 is divided by 19.
18
What is the remainder when 25158 is divided by 20?
18
Calculate the remainder when 4591 is divided by 29.
9
Calculate the remainder when 7732 is divided by 13.
10
What is the remainder when 2482 is divided by 618?
10
What is the remainder when 241 is divided by 56?
17
What is the remainder when 886 is divided by 24?
22
What is the remainder when 175 is divided by 41?
11
What is the remainder when 27 is divided by 18?
9
Calculate the remainder when 106 is divided by 9.
7
What is the remainder when 1108 is divided by 212?
48
What is the remainder when 117 is divided by 41?
35
Calculate the remainder when 723 is divided by 193.
144
What is the remainder when 1471 is divided by 57?
46
What is the remainder when 20 is divided by 19?
1
What is the remainder when 94 is divided by 27?
13
Calculate the remainder when 372 is divided by 10.
2
What is the remainder when 368 is divided by 117?
17
What is the remainder when 36 is divided by 9?
0
Calculate the remainder when 1753 is divided by 33.
4
Calculate the remainder when 5377 is divided by 11.
9
What is the remainder when 1166 is divided by 418?
330
What is the remainder when 3670 is divided by 3665?
5
Calculate the remainder when 106 is divided by 106.
0
Calculate the remainder when 535 is divided by 34.
25
Calculate the remainder when 377 is divided by 42.
41
Calculate the remainder when 999 is divided by 247.
11
What is the remainder when 165 is divided by 78?
9
What is the remainder when 359 is divided by 18?
17
Calculate the remainder when 188 is divided by 3.
2
Calculate the remainder when 1446 is divided by 546.
354
Calculate the remainder when 2974 is divided by 8.
6
What is the remainder when 83 is divided by 42?
41
Calculate the remainder when 216 is divided by 59.
39
What is the remainder when 673 is divided by 446?
227
What is the remainder when 53 is divided by 20?
13
What is the remainder when 150 is divided by 28?
10
What is the remainder when 240 is divided by 95?
50
Calculate the remainder when 303 is divided by 38.
37
What is the remainder when 208 is divided by 38?
18
Calculate the remainder when 3426 is divided by 66.
60
What is the remainder when 240 is divided by 118?
4
What is the remainder when 214 is divided by 147?
67
Calculate the remainder when 880 is divided by 98.
96
Calculate the remainder when 4042 is divided by 2017.
8
What is the remainder when 30 is divided by 18?
12
Calculate the remainder when 849 is divided by 212.
1
Calculate the remaind